{"version":"1.0","provider_name":"Jog\u00c1sz","provider_url":"https:\/\/jogasz.cafeblog.hu","author_name":"Dr.Drazs\u00e9","author_url":"https:\/\/jogasz.cafeblog.hu\/author\/dr-sandor-zsuzsa\/","title":"Jog\u00e1llam 2012","html":"<strong><a href=\"https:\/\/jogasz.cafeblog.hu\/files\/2012\/12\/konyv_14131_1.jpg\"><img class=\"alignright  wp-image-131\" style=\"float: right;padding-left: 15px;padding-bottom: 15px\" src=\"https:\/\/jogasz.cafeblog.hu\/files\/2012\/12\/konyv_14131_1-260x300.jpg\" alt=\"\" width=\"164\" height=\"189\" \/><\/a><\/strong><strong>Az \u00e9v v\u00e9g\u00e9nek k\u00f6zeledte arra inspir\u00e1lja az embert, hogy valamif\u00e9le \u00f6sszegz\u00e9st v\u00e9gezzen. \u00c9rdekes egyben l\u00e1tni, mit \u00e9lt\u00fcnk \u00e1t az elm\u00falt egy esztend\u0151 alatt. \u00c9n a <a href=\"http:\/\/nol.hu\/index.html\" target=\"_blank\">Nol.hu<\/a> cikkeib\u0151l mazsol\u00e1ztam \u00e9s a v\u00e9g\u00e9re magam is elh\u0171ltem.<\/strong>\r\n\r\nA jog ter\u00fclet\u00e9n az esem\u00e9nyek rendk\u00edv\u00fcl nagy sz\u00e1ma sz\u00fcks\u00e9gess\u00e9 teszi, hogy kiv\u00e1lasszunk valamif\u00e9le rendez\u0151 elvet. Ami tal\u00e1n a 2012-es \u00e9vre legjellemz\u0151bb volt: h\u00e1ny esetben, \u00e9s milyen okokb\u00f3l ker\u00fclt szembe a magyar jogalkot\u00e1s \u00e9s jogalkalmaz\u00e1s az eur\u00f3pai- \u00e9s az emberi jogokkal. Nem k\u00f6z\u00f6mb\u00f6s e t\u00e9m\u00e1ban az sem, hogy h\u00e1nyszor pr\u00f3b\u00e1lta a magyar korm\u00e1ny semmibe venni a nemzetk\u00f6zi szerz\u0151d\u00e9sekben v\u00e1llalt k\u00f6telezetts\u00e9geit, h\u00e1nyszor \u00e9s mik\u00e9nt pr\u00f3b\u00e1lt ellen\u00e1llni a jog\u00e1llami k\u00f6vetelm\u00e9nyeknek. <!--more-->\r\n\r\n<strong>Janu\u00e1r:<\/strong> az Eur\u00f3pai Bizotts\u00e1g el\u0151tt megindultak Magyarorsz\u00e1g ellen a k\u00f6telezetts\u00e9gszeg\u00e9si elj\u00e1r\u00e1sok a jegybankt\u00f6rv\u00e9ny, az igazs\u00e1gszolg\u00e1ltat\u00e1si reform \u00e9s az \u00faj adatv\u00e9delmi hat\u00f3s\u00e1ggal kapcsolatos sarkalatos t\u00f6rv\u00e9ny miatt.\r\nA sajt\u00f3szabads\u00e1ggal foglalkoz\u00f3 br\u00fcsszeli munkacsoport meg\u00e1llap\u00edtotta, hogy Magyarorsz\u00e1gon t\u00f6bb a korl\u00e1toz\u00e1s, mint b\u00e1rhol az Eur\u00f3pai Uni\u00f3ban, valamint azt is, hogy t\u00fals\u00e1gosan \u201eer\u0151s\u201d a magyar M\u00e9diatan\u00e1cs.\r\n\r\n<strong>Febru\u00e1r:<\/strong> a magyar korm\u00e1ny v\u00e1laszlevelet k\u00fcld\u00f6tt az Eur\u00f3pai Bizotts\u00e1g kifog\u00e1saira. A b\u00edr\u00e1k k\u00e9nyszernyugd\u00edjaz\u00e1s\u00e1val kapcsolatban azt javasolt\u00e1k, hogy majd egy\u00e9ni alapon meghosszabb\u00edthatj\u00e1k a b\u00edr\u00e1k megb\u00edzat\u00e1s\u00e1t. Kifejtett\u00e9k, hogy a Klubr\u00e1di\u00f3 \u00fcgy\u00e9vel az\u00e9rt nem k\u00edv\u00e1nnak foglalkozni, mert e k\u00e9rd\u00e9sben \u00e9ppen b\u00edr\u00f3s\u00e1gi elj\u00e1r\u00e1s zajlik, \u00e9s nem akarnak nyom\u00e1st gyakorolni a b\u00edr\u00f3s\u00e1gra (!).\r\n\r\n<strong><a href=\"https:\/\/jogasz.cafeblog.hu\/files\/2012\/12\/logo.jpg\"><img class=\"alignright  wp-image-131\" style=\"float: right;padding-left: 15px;padding-bottom: 15px\" src=\"https:\/\/jogasz.cafeblog.hu\/files\/2012\/12\/logo.jpg\" alt=\"\" width=\"163\" height=\"163\" \/><\/a>M\u00e1rcius:<\/strong> t\u00f6bb mint negyven b\u00edr\u00f3i helyre \u00edrtak ki p\u00e1ly\u00e1zatot, mik\u00f6zben a m\u00e9g fel sem mentett b\u00edr\u00e1k szabads\u00e1gukat t\u00f6lt\u00f6tt\u00e9k.\r\n\r\n<strong>\u00a0\u00c1prilis:<\/strong> mik\u00f6zben k\u00e9sz\u00fcltek a hivatalos dokumentumok a k\u00e9nyszernyugd\u00edjazott b\u00edr\u00e1k felment\u00e9s\u00e9r\u0151l, a b\u00edr\u00e1k is l\u00e9ptek: beadv\u00e1nyt juttattak el az Alkotm\u00e1nyb\u00edr\u00f3s\u00e1ghoz \u00e9s az Emberi Jogok Eur\u00f3pai B\u00edr\u00f3s\u00e1g\u00e1hoz, mindk\u00e9t helyen a diszkrimin\u00e1ci\u00f3 tilalm\u00e1ra hivatkozva.\r\n\r\n<strong>M\u00e1jus:<\/strong> az Alkotm\u00e1nyb\u00edr\u00f3s\u00e1g t\u00e1rgyalt a b\u00edr\u00e1k alkotm\u00e1nyjogi panasz\u00e1r\u00f3l. Az \u00fcl\u00e9s\u00e9n heves, szem\u00e9lyesked\u00e9st\u0151l sem mentes vita zajlott, d\u00f6nt\u00e9s nem sz\u00fcletett.\r\n\r\n<strong>J\u00fanius:<\/strong> az Eur\u00f3pai Bizotts\u00e1g a b\u00edr\u00e1k k\u00f6telez\u0151 nyugd\u00edjaz\u00e1s\u00e1nak, valamint az adatv\u00e9delmi fel\u00fcgyel\u0151 hat\u00f3s\u00e1g f\u00fcggetlens\u00e9ge megs\u00e9rt\u00e9s\u00e9nek \u00fcgy\u00e9ben k\u00f6telezetts\u00e9gszeg\u00e9si elj\u00e1r\u00e1st ind\u00edtott Magyarorsz\u00e1g ellen. Emellett m\u00e9g h\u00e1rom k\u00f6telezetts\u00e9gszeg\u00e9si elj\u00e1r\u00e1s is indult a kiskereskedelmi v\u00e1ls\u00e1gad\u00f3, a telekomad\u00f3 \u00e9s a cafeteria miatt. Marasztal\u00f3 \u00edt\u00e9let eset\u00e9n az \u00e1llam kamatostul kell, hogy visszafizesse a c\u00e9geknek a v\u00e1ls\u00e1gad\u00f3t, term\u00e9szetesen az ad\u00f3fizet\u0151k p\u00e9nz\u00e9b\u0151l.\r\nE h\u00f3nap hozad\u00e9ka az \u00faj B\u00fcntet\u0151 T\u00f6rv\u00e9nyk\u00f6nyv, amelyben bizonyos esetekben 14 \u00e9vr\u0151l 12 \u00e9vre sz\u00e1ll\u00edtott\u00e1k le a b\u00fcntethet\u0151s\u00e9g korhat\u00e1r\u00e1t. Az UNICEF szerint ez a rendelkez\u00e9s ellent\u00e9tes az ENSZ gyermekjogi egyezm\u00e9ny\u00e9vel.\r\n\r\n<strong>J\u00falius:<\/strong> az Alkotm\u00e1nyb\u00edr\u00f3s\u00e1g kimondta, hogy alkotm\u00e1nyellenes a b\u00edr\u00e1k nyugd\u00edjaz\u00e1s\u00e1nak szab\u00e1lyoz\u00e1sa, ez\u00e9rt a t\u00f6rv\u00e9nyt a hat\u00e1lybal\u00e9p\u00e9s napj\u00e1ra visszahat\u00f3 hat\u00e1llyal megsemmis\u00edtett\u00e9k. De Orb\u00e1n Viktor k\u00f6z\u00f6lte: \"a rendszer marad\".\r\n\r\n<strong>Augusztus:<\/strong> megsz\u00fcletett az els\u0151 \u00edt\u00e9let a b\u00edr\u00e1k munka\u00fcgyi per\u00e9b\u00e9n. Az els\u0151 fok\u00fa \u00edt\u00e9let kimondta, hogy az \u00e1llamf\u0151 jogellenesen mentett fel egy k\u00e9nyszernyugd\u00edjazott b\u00edr\u00f3t. Az Eur\u00f3pai Bizotts\u00e1g pedig agg\u00e1lyainak adott hangot a Klubr\u00e1di\u00f3 frekvenci\u00e1j\u00e1\u00e9rt v\u00edvott jogi csat\u00e1roz\u00e1sokkal kapcsolatban. N\u00f6velt\u00fck orsz\u00e1gunk j\u00f3 h\u00edrnev\u00e9t azzal is, hogy kiadtuk Azerbajdzs\u00e1nnak Safarovot, az azeri balt\u00e1s gyilkost, akit haz\u00e1j\u00e1ban azonnal szabadl\u00e1bra helyeztek.\r\n\r\n<strong>Szeptember:<\/strong> Navracsics Tibor alkotm\u00e1ny- \u00e9s t\u00f6rv\u00e9nym\u00f3dos\u00edt\u00f3 javaslata szerint a b\u00edr\u00e1k k\u00f6telez\u0151 nyugd\u00edjkorhat\u00e1r\u00e1t 62-r\u0151l 65 \u00e9vre emeln\u00e9k fel. A t\u00f6rv\u00e9nyjavaslatot azonban a v\u00e9gszavaz\u00e1s el\u0151tt visszavonta.\r\n\r\n<strong>Okt\u00f3ber:<\/strong> a munka\u00fcgyi b\u00edr\u00f3s\u00e1gok hat b\u00edr\u00f3t helyeztek vissza b\u00edr\u00f3i tiszts\u00e9g\u00fckbe, valamint kor\u00e1bbi vezet\u0151i beoszt\u00e1sukba, tov\u00e1bb\u00e1 k\u00f6telezt\u00e9k a munk\u00e1ltat\u00f3kat a b\u00edr\u00e1k elmaradt illetm\u00e9ny\u00e9nek megfizet\u00e9s\u00e9re.\r\n\r\n<strong><a href=\"https:\/\/jogasz.cafeblog.hu\/files\/2012\/12\/20110902legytrend.jpg\"><img class=\"alignleft  wp-image-129\" style=\"float: left;padding-right: 15px;padding-bottom: 15px\" src=\"https:\/\/jogasz.cafeblog.hu\/files\/2012\/12\/20110902legytrend-300x200.jpg\" alt=\"\" width=\"200\" height=\"133\" \/><\/a>November:<\/strong> az uni\u00f3 b\u00edr\u00f3s\u00e1ga kimondta, hogy a b\u00edr\u00e1k nyugd\u00edjkorhat\u00e1r\u00e1nak lesz\u00e1ll\u00edt\u00e1sa \u00e9s ez alapj\u00e1n t\u00f6rt\u00e9n\u0151 elmozd\u00edt\u00e1sa az uni\u00f3s joggal ellent\u00e9tes, \u00edgy Magyarorsz\u00e1g uni\u00f3s jogot s\u00e9rtett. Orb\u00e1n Viktor ekkor tette k\u00f6zkinccs\u00e9 azonnal nevets\u00e9gess\u00e9 v\u00e1lt hasonlat\u00e1t: \"R\u00e9gen l\u00e1ttam olyat, hogy a d\u00f6gl\u00f6tt kuty\u00e1t fejbe v\u00e1gj\u00e1k\".\r\n\r\n<strong>December:<\/strong> \u00fajabb t\u00f6rv\u00e9nyjavaslat sz\u00fcletett a b\u00edr\u00e1k \u00fcgy\u00e9ben, h\u00e1romf\u00e9le lehet\u0151s\u00e9get biztos\u00edtva sz\u00e1mukra, b\u00e1r egyik lehet\u0151s\u00e9get sem nevezhetn\u00e9nk marad\u00e9ktalanul kedvez\u0151nek. Err\u0151l azonban a parlament m\u00e1r csak j\u00f6v\u0151re fog szavazni.\r\n\r\nA 2012. \u00e9v \u00f6sszefoglal\u00f3j\u00e1ban nem eml\u00edtettem a strasbourgi b\u00edr\u00f3s\u00e1g egyetlen \u00edt\u00e9letet sem, mert azok felsorol\u00e1sa m\u00e1r sz\u00e9tfesz\u00edten\u00e9 ezen \u00edr\u00e1s kereteit \u00e9s vissza\u00e9lne az olvas\u00f3 t\u00fcrelm\u00e9vel.\r\n\r\n\u00dagy gondolom, a a\u201ejog\u00e1llamis\u00e1g\u201d illusztr\u00e1l\u00e1s\u00e1ra ennyi is elegend\u0151.\r\n\r\n<a href=\"https:\/\/jogasz.cafeblog.hu\/files\/2012\/12\/2013.jpg\"><img class=\"aligncenter size-full wp-image-128\" src=\"https:\/\/jogasz.cafeblog.hu\/files\/2012\/12\/2013.jpg\" alt=\"\" width=\"600\" height=\"381\" \/><\/a>","type":"rich"}

JogÁsz

Dr.Drazsé

Jogállam 2012

<strong><a href="https://jogasz.cafeblog.hu/files/2012/12/konyv_14131_1.jpg"><img class="alignright  wp-image-131" style="float: right;padding-left: 15px;padding-bottom: 15px" src="https://jogasz.cafeblog.hu/files/2012/12/konyv_14131_1-260x300.jpg" alt="" width="164" height="189" /></a></strong><strong>Az év végének közeledte arra inspirálja az embert, hogy valamiféle összegzést végezzen. Érdekes egyben látni, mit éltünk át az elmúlt egy esztendő alatt. Én a <a href="http://nol.hu/index.html" target="_blank">Nol.hu</a> cikkeiből mazsoláztam és a végére magam is elhűltem.</strong>

A jog területén az események rendkívül nagy száma szükségessé teszi, hogy kiválasszunk valamiféle rendező elvet. Ami talán a 2012-es évre legjellemzőbb volt: hány esetben, és milyen okokból került szembe a magyar jogalkotás és jogalkalmazás az európai- és az emberi jogokkal. Nem közömbös e témában az sem, hogy hányszor próbálta a magyar kormány semmibe venni a nemzetközi szerződésekben vállalt kötelezettségeit, hányszor és miként próbált ellenállni a jogállami követelményeknek. <!--more-->

<strong>Január:</strong> az Európai Bizottság előtt megindultak Magyarország ellen a kötelezettségszegési eljárások a jegybanktörvény, az igazságszolgáltatási reform és az új adatvédelmi hatósággal kapcsolatos sarkalatos törvény miatt.
A sajtószabadsággal foglalkozó brüsszeli munkacsoport megállapította, hogy Magyarországon több a korlátozás, mint bárhol az Európai Unióban, valamint azt is, hogy túlságosan „erős” a magyar Médiatanács.

<strong>Február:</strong> a magyar kormány válaszlevelet küldött az Európai Bizottság kifogásaira. A bírák kényszernyugdíjazásával kapcsolatban azt javasolták, hogy majd egyéni alapon meghosszabbíthatják a bírák megbízatását. Kifejtették, hogy a Klubrádió ügyével azért nem kívánnak foglalkozni, mert e kérdésben éppen bírósági eljárás zajlik, és nem akarnak nyomást gyakorolni a bíróságra (!).

<strong><a href="https://jogasz.cafeblog.hu/files/2012/12/logo.jpg"><img class="alignright  wp-image-131" style="float: right;padding-left: 15px;padding-bottom: 15px" src="https://jogasz.cafeblog.hu/files/2012/12/logo.jpg" alt="" width="163" height="163" /></a>Március:</strong> több mint negyven bírói helyre írtak ki pályázatot, miközben a még fel sem mentett bírák szabadságukat töltötték.

<strong> Április:</strong> miközben készültek a hivatalos dokumentumok a kényszernyugdíjazott bírák felmentéséről, a bírák is léptek: beadványt juttattak el az Alkotmánybírósághoz és az Emberi Jogok Európai Bíróságához, mindkét helyen a diszkrimináció tilalmára hivatkozva.

<strong>Május:</strong> az Alkotmánybíróság tárgyalt a bírák alkotmányjogi panaszáról. Az ülésén heves, személyeskedéstől sem mentes vita zajlott, döntés nem született.

<strong>Június:</strong> az Európai Bizottság a bírák kötelező nyugdíjazásának, valamint az adatvédelmi felügyelő hatóság függetlensége megsértésének ügyében kötelezettségszegési eljárást indított Magyarország ellen. Emellett még három kötelezettségszegési eljárás is indult a kiskereskedelmi válságadó, a telekomadó és a cafeteria miatt. Marasztaló ítélet esetén az állam kamatostul kell, hogy visszafizesse a cégeknek a válságadót, természetesen az adófizetők pénzéből.
E hónap hozadéka az új Büntető Törvénykönyv, amelyben bizonyos esetekben 14 évről 12 évre szállították le a büntethetőség korhatárát. Az UNICEF szerint ez a rendelkezés ellentétes az ENSZ gyermekjogi egyezményével.

<strong>Július:</strong> az Alkotmánybíróság kimondta, hogy alkotmányellenes a bírák nyugdíjazásának szabályozása, ezért a törvényt a hatálybalépés napjára visszaható hatállyal megsemmisítették. De Orbán Viktor közölte: "a rendszer marad".

<strong>Augusztus:</strong> megszületett az első ítélet a bírák munkaügyi perébén. Az első fokú ítélet kimondta, hogy az államfő jogellenesen mentett fel egy kényszernyugdíjazott bírót. Az Európai Bizottság pedig aggályainak adott hangot a Klubrádió frekvenciájáért vívott jogi csatározásokkal kapcsolatban. Növeltük országunk jó hírnevét azzal is, hogy kiadtuk Azerbajdzsánnak Safarovot, az azeri baltás gyilkost, akit hazájában azonnal szabadlábra helyeztek.

<strong>Szeptember:</strong> Navracsics Tibor alkotmány- és törvénymódosító javaslata szerint a bírák kötelező nyugdíjkorhatárát 62-ről 65 évre emelnék fel. A törvényjavaslatot azonban a végszavazás előtt visszavonta.

<strong>Október:</strong> a munkaügyi bíróságok hat bírót helyeztek vissza bírói tisztségükbe, valamint korábbi vezetői beosztásukba, továbbá kötelezték a munkáltatókat a bírák elmaradt illetményének megfizetésére.

<strong><a href="https://jogasz.cafeblog.hu/files/2012/12/20110902legytrend.jpg"><img class="alignleft  wp-image-129" style="float: left;padding-right: 15px;padding-bottom: 15px" src="https://jogasz.cafeblog.hu/files/2012/12/20110902legytrend-300x200.jpg" alt="" width="200" height="133" /></a>November:</strong> az unió bírósága kimondta, hogy a bírák nyugdíjkorhatárának leszállítása és ez alapján történő elmozdítása az uniós joggal ellentétes, így Magyarország uniós jogot sértett. Orbán Viktor ekkor tette közkinccsé azonnal nevetségessé vált hasonlatát: "Régen láttam olyat, hogy a döglött kutyát fejbe vágják".

<strong>December:</strong> újabb törvényjavaslat született a bírák ügyében, háromféle lehetőséget biztosítva számukra, bár egyik lehetőséget sem nevezhetnénk maradéktalanul kedvezőnek. Erről azonban a parlament már csak jövőre fog szavazni.

A 2012. év összefoglalójában nem említettem a strasbourgi bíróság egyetlen ítéletet sem, mert azok felsorolása már szétfeszítené ezen írás kereteit és visszaélne az olvasó türelmével.

Úgy gondolom, a a„jogállamiság” illusztrálására ennyi is elegendő.

<a href="https://jogasz.cafeblog.hu/files/2012/12/2013.jpg"><img class="aligncenter size-full wp-image-128" src="https://jogasz.cafeblog.hu/files/2012/12/2013.jpg" alt="" width="600" height="381" /></a>
