{"version":"1.0","provider_name":"Jog\u00c1sz","provider_url":"https:\/\/jogasz.cafeblog.hu","author_name":"Zsuzsa Sandor","author_url":"https:\/\/jogasz.cafeblog.hu\/author\/zsubircsi\/","title":"Fidesz matek","html":"<p style=\"text-align: justify\">A jog\u00e1szok nem arr\u00f3l h\u00edresek, hogy otthonosan mozogn\u00e1nak a matematika vil\u00e1g\u00e1ban. \u00c9s m\u00e9gis, a Fidesz uralta parlament \u2013 b\u00e1r val\u00f3sz\u00edn\u0171leg maga sem tudja pontosan, hogy mit - siker\u00fclt l\u00e9trehoznia egy igazi \u201ekorrel\u00e1ci\u00f3t\u201d. A korrel\u00e1ci\u00f3 jelzi azt, hogy k\u00e9t tetsz\u0151leges \u00e9rt\u00e9k nem f\u00fcggetlen egym\u00e1st\u00f3l.<\/p>\r\n&nbsp;\r\n\r\n[caption id=\"attachment_5439\" align=\"aligncenter\" width=\"300\"]<a href=\"https:\/\/jogasz.cafeblog.hu\/files\/2015\/01\/korrel\u00e1ci\u00f3-tankonyvtar.hu_.jpg\"><img class=\"size-medium wp-image-5439\" src=\"https:\/\/jogasz.cafeblog.hu\/files\/2015\/01\/korrel\u00e1ci\u00f3-tankonyvtar.hu_-300x50.jpg\" alt=\"Fidesz f\u00e9le korrel\u00e1ci\u00f3\" width=\"300\" height=\"50\" \/><\/a> K\u00e9p(let): tankonyvtar.hu[\/caption]\r\n<p style=\"text-align: justify\">Ford\u00edtsuk le ezt a jog nyelv\u00e9re. Jelen esetben a \u201etetsz\u0151leges \u00e9rt\u00e9keket\u201d az ut\u00f3bbi hetekben-h\u00f3napokban meghozott jogszab\u00e1lyok jelentik. \u00c9s b\u00e1r valamennyihez a legk\u00fcl\u00f6nb\u00f6z\u0151bb magyar\u00e1zatokat f\u0171zik, \u00e9n \u2013 aff\u00e9le botcsin\u00e1lta matematikusk\u00e9nt \u2013 bebizony\u00edtom, hogy ezek a t\u00f6rv\u00e9nyek \u201ekorrel\u00e1lnak\u201d, vagyis kor\u00e1ntsem f\u00fcggetlenek egym\u00e1st\u00f3l.<\/p>\r\n\r\n\r\n[caption id=\"attachment_5440\" align=\"alignleft\" width=\"275\"]<a href=\"https:\/\/jogasz.cafeblog.hu\/files\/2015\/01\/jogszab\u00e1lyok-eurospenztargep.hu_.jpg\"><img class=\"size-full wp-image-5440\" src=\"https:\/\/jogasz.cafeblog.hu\/files\/2015\/01\/jogszab\u00e1lyok-eurospenztargep.hu_.jpg\" alt=\"Jogszab\u00e1lyok korrel\u00e1ci\u00f3ja\" width=\"275\" height=\"200\" \/><\/a> K\u00e9p: eurospenztargep.hu[\/caption]\r\n<p style=\"text-align: justify\">Kezdj\u00fck a vas\u00e1rnapi z\u00e1rva tart\u00e1ssal. Ez a remek \u00f6tlet a KDNP agysz\u00fclem\u00e9nye volt, a p\u00e1rtocska szellemis\u00e9g\u00e9hez ill\u0151 \u00e1jtatos indokol\u00e1ssal. De az biztos, hogy a Fidesz nem emiatt harapott r\u00e1 az \u00f6tletre. M\u00e9g r\u00e1 is tettek egy lap\u00e1ttal: az \u00e9jszakai nyitva tart\u00e1s, meg a vas\u00e1rnapi \u00e9s \u00e9jszakai h\u00e1zhoz sz\u00e1ll\u00edt\u00e1s is tilos lesz. \u00c9s mivel a webshopok \u201en\u00e9gyzetm\u00e9ter\u00e9t\u201d nem tudt\u00e1k defini\u00e1lniuk, az egyszer\u0171s\u00e9g kedv\u00e9\u00e9rt nekik is tiltj\u00e1k mindezt. Egy dolog biztos: ez a t\u00f6rv\u00e9ny a gy\u0171l\u00f6lt multik ellen sz\u00fcletett.<\/p>\r\n\r\n\r\n[caption id=\"attachment_5441\" align=\"alignright\" width=\"300\"]<a href=\"https:\/\/jogasz.cafeblog.hu\/files\/2015\/01\/fideszagy-vanholnap.hu_.jpg\"><img class=\"size-medium wp-image-5441\" src=\"https:\/\/jogasz.cafeblog.hu\/files\/2015\/01\/fideszagy-vanholnap.hu_-300x193.jpg\" alt=\"Vas\u00e1rnapi z\u00e1rva tart\u00e1s\" width=\"300\" height=\"193\" \/><\/a> K\u00e9p: vanholnap.hu[\/caption]\r\n<p style=\"text-align: justify\">\u00c9s vajon els\u0151sorban kiket sz\u00edvatnak meg azzal, hogy az \u00e9lelmiszerl\u00e1nc-fel\u00fcgyeleti d\u00edjat 0,1%-r\u00f3l 6 %-ra emelik? Azokat a \u201enapi fogyaszt\u00e1si cikkeket \u00e9rt\u00e9kes\u00edt\u0151 \u00fczleteket\u201d, amelyeknek \u00e9ves forgalma 300 milli\u00e1rd forint felett van. Ez nem a rekl\u00e1m helye, ez\u00e9rt felsorol\u00e1suk helyett egys\u00e9gesen csak gy\u0171l\u00f6lt multiknak jel\u00f6lj\u00fck meg \u0151ket.<\/p>\r\n&nbsp;\r\n\r\n[caption id=\"attachment_5442\" align=\"alignleft\" width=\"300\"]<a href=\"https:\/\/jogasz.cafeblog.hu\/files\/2015\/01\/tesco-index.hu_.jpg\"><img class=\"size-medium wp-image-5442\" src=\"https:\/\/jogasz.cafeblog.hu\/files\/2015\/01\/tesco-index.hu_-300x200.jpg\" alt=\"Tesco bez\u00e1r\u00e1s\" width=\"300\" height=\"200\" \/><\/a> K\u00e9p: index.hu[\/caption]\r\n\r\n&nbsp;\r\n<p style=\"text-align: justify\">Azt m\u00e1r k\u00e9rdeznem sem \u00e9rdemes, hogy kiket s\u00fajt a pl\u00e1za-stop meghosszabb\u00edt\u00e1sa. \u00c9s vajon mely c\u00e9geket c\u00e9loztak meg azzal a szab\u00e1llyal, hogy k\u00e9t vesztes\u00e9ges \u00e9v ut\u00e1n be kell z\u00e1rniuk. Itt egy kis hiba becs\u00faszott a sz\u00e1m\u00edt\u00e1sba, mert n\u00e9h\u00e1ny CBA-c\u00e9g is beleker\u00fclhet a sodr\u00e1sba. De ezt majd \u00fagyis korrig\u00e1lj\u00e1k.<\/p>\r\n\r\n\r\n[caption id=\"attachment_5443\" align=\"alignright\" width=\"300\"]<a href=\"https:\/\/jogasz.cafeblog.hu\/files\/2015\/01\/pl\u00e1zastop-www.elelmiszer.hu_.jpg\"><img class=\"size-medium wp-image-5443\" src=\"https:\/\/jogasz.cafeblog.hu\/files\/2015\/01\/pl\u00e1zastop-www.elelmiszer.hu_-300x225.jpg\" alt=\"Pl\u00e1za stopmeghosszabb\u00edtva\" width=\"300\" height=\"225\" \/><\/a> K\u00e9p: elelmiszer.hu[\/caption]\r\n<p style=\"text-align: justify\">Siker\u00fclt m\u00e9g durv\u00e1bb\u00e1 tenni a k\u00f6zt\u00e1rsas\u00e1gi eln\u00f6k \u00e1ltal megfontol\u00e1sra visszak\u00fcld\u00f6tt t\u00f6rv\u00e9nyt: egy \u00e9vvel el\u0151bbre hozt\u00e1k a bevezet\u00e9s eredeti, 2018-as hat\u00e1ridej\u00e9t. Nehogy m\u00e1r a gy\u0171l\u00f6lt multiknak legyen \u00e9g egy nyugodt \u00e9v\u00fck! Am\u00fagy a t\u00f6rv\u00e9ny indokol\u00e1sa b\u00fcszk\u00e9n ki is jelenti, hogy diszkriminat\u00edvan szab\u00e1lyoz: \u201eAhhoz, hogy hat\u00e9konyan, de az EU el\u0151\u00edr\u00e1sokat tiszteletben tartva tudjunk v\u00e9delmet biztos\u00edtani a hazai kis- \u00e9s k\u00f6z\u00e9pv\u00e1llalkoz\u00e1soknak, elt\u00e9r\u0151 szab\u00e1lyokat kell alkotnunk a k\u00fcl\u00f6nb\u00f6z\u0151 \u00fczlett\u00edpusokra\u201d K\u00edv\u00e1ncsi leszek, vajon az Eur\u00f3pai Bizotts\u00e1g szerint is \u201etiszteletben tartj\u00e1k-e\u201d az EU el\u0151\u00edr\u00e1sait.<\/p>\r\n&nbsp;\r\n<p style=\"text-align: justify\">V\u00e9g\u00fcl nehogy megfeledkezz\u00fcnk a Fidesz leg\u00fajabb \u00e9s legzseni\u00e1lisabb \u00f6tlet\u00e9r\u0151l, az aut\u00f3p\u00e1lya d\u00edjakr\u00f3l. Sz\u00e1mos magyar\u00e1zat sz\u00fcletett m\u00e1r, hogy mi\u00e9rt is j\u00f3 ez nek\u00fcnk. B\u00e1r lehetnek olyanok, akiknek \u00edgy olcs\u00f3bb lesz az aut\u00f3z\u00e1s, de \u2013 azt a t\u00f6bbi jogszab\u00e1llyal egy\u00fctt \u00e9rt\u00e9kelve - bizton meg\u00e1llap\u00edthatjuk, hogy eg\u00e9sz biztosan kiknek lesz rossz. Hiszen mely c\u00e9gek telep\u00fcltek az aglomer\u00e1ci\u00f3ba, a budapesti \u00e9s m\u00e1s nagyv\u00e1rosok bevezet\u0151 aut\u00f3p\u00e1lya szakaszai mell\u00e9? \u00c9s amelyek v\u00e1s\u00e1rl\u00f3inak jelent\u0151s r\u00e9sz\u00e9t a v\u00e1roslak\u00f3k alkotj\u00e1k? Amelyek saj\u00e1t buszj\u00e1rataikkal hozz\u00e1k-viszik a vev\u0151ket? \u00c9s amelyekhez ma m\u00e1r csak megyei matric\u00e1val lehet kijutni? Ugye tudj\u00e1k a v\u00e1laszt?<\/p>\r\n\r\n\r\n[caption id=\"attachment_5445\" align=\"aligncenter\" width=\"300\"]<a href=\"https:\/\/jogasz.cafeblog.hu\/files\/2015\/01\/B\u00e9cs-www.resourceinfo.hu_.jpg\"><img class=\"wp-image-5445 size-medium\" src=\"https:\/\/jogasz.cafeblog.hu\/files\/2015\/01\/B\u00e9cs-www.resourceinfo.hu_-300x199.jpg\" alt=\"B\u00e9csi bev\u00e1s\u00e1rl\u00f3 k\u00f6zpont\" width=\"300\" height=\"199\" \/><\/a> Bocs! Ez B\u00e9csben van!<br \/> K\u00e9p: resourceinfo.hu[\/caption]\r\n<p style=\"text-align: justify\">Eddig igaztalanul r\u00f3ttam fel jogalkot\u00f3inknak, hogy k\u00e9ptelenek \u00f6sszhangot teremteni a kapkodva meghozott jogszab\u00e1lyok k\u00f6z\u00f6tt. Hogy azok nem csak egym\u00e1ssal, de \u00f6nmagukkal is ellentmond\u00e1sokba keverednek. Mea culpa. Rossz c\u00e9l \u00e9rdek\u00e9ben k\u00e9pesek \u00f6sszt\u00fczet nyitni az ellens\u00e9gre: vesszenek a multik!<\/p>\r\n<p style=\"text-align: justify\">\u00cdgy v\u00e9gre visszat\u00e9rhet\u00fcnk a l\u00f3denkab\u00e1t, a sv\u00e1jci sapka, a hamis guly\u00e1s, \u00e9s a Hitler szalonna, az egykori \u201ehungarikumok\u201d korszak\u00e1ba.<\/p>\r\n\r\n\r\n[caption id=\"attachment_5446\" align=\"alignleft\" width=\"191\"]<a href=\"https:\/\/jogasz.cafeblog.hu\/files\/2015\/01\/Hitlerszalonna-hu.wikipedia.org_.jpg\"><img class=\"wp-image-5446\" src=\"https:\/\/jogasz.cafeblog.hu\/files\/2015\/01\/Hitlerszalonna-hu.wikipedia.org_-300x199.jpg\" alt=\"Hitlerszalonna\" width=\"191\" height=\"127\" \/><\/a> Hitlerszalonna<br \/> K\u00e9p: hu.wikipedia.org[\/caption]\r\n\r\n&nbsp;\r\n\r\n[caption id=\"attachment_5447\" align=\"alignright\" width=\"145\"]<a href=\"https:\/\/jogasz.cafeblog.hu\/files\/2015\/01\/L\u00f3denkab\u00e1t-olx.hu_.jpg\"><img class=\"wp-image-5447\" src=\"https:\/\/jogasz.cafeblog.hu\/files\/2015\/01\/L\u00f3denkab\u00e1t-olx.hu_-224x300.jpg\" alt=\"L\u00f3denkab\u00e1t\" width=\"145\" height=\"194\" \/><\/a> L\u00f3denkab\u00e1t[\/caption]\r\n\r\n[caption id=\"attachment_5448\" align=\"aligncenter\" width=\"163\"]<a href=\"https:\/\/jogasz.cafeblog.hu\/files\/2015\/01\/svajci-sapka-retronom.hu_.jpg\"><img class=\"wp-image-5448\" src=\"https:\/\/jogasz.cafeblog.hu\/files\/2015\/01\/svajci-sapka-retronom.hu_-300x224.jpg\" alt=\"A sv\u00e1jci sapka visszat\u00e9r\" width=\"163\" height=\"122\" \/><\/a> Sv\u00e1jcisapka<br \/> K\u00e9p: retronom.hu[\/caption]\r\n\r\n&nbsp;\r\n\r\n&nbsp;\r\n\r\n<strong>Ut\u00f3irat<\/strong>:\r\n\r\nA cikknek a Vas\u00e1rnapi H\u00edrekben t\u00f6rt\u00e9nt megjelen\u00e9se \u00f3ta <strong>a TESCO 500 dolgoz\u00f3t bocs\u00e1tott el<\/strong>. <strong>Hajr\u00e1 Fidesz! Gratul\u00e1lok<\/strong>.","type":"rich","thumbnail_url":"https:\/\/jogasz.cafeblog.hu\/files\/2015\/01\/tesco-index.hu_-150x150.jpg","thumbnail_width":150,"thumbnail_height":150}

JogÁsz

<p style="text-align: justify">A jogászok nem arról híresek, hogy otthonosan mozognának a matematika világában. És mégis, a Fidesz uralta parlament – bár valószínűleg maga sem tudja pontosan, hogy mit - sikerült létrehoznia egy igazi „korrelációt”. A korreláció jelzi azt, hogy két tetszőleges érték nem független egymástól.</p>
&nbsp;

[caption id="attachment_5439" align="aligncenter" width="300"]<a href="https://jogasz.cafeblog.hu/files/2015/01/korreláció-tankonyvtar.hu_.jpg"><img class="size-medium wp-image-5439" src="https://jogasz.cafeblog.hu/files/2015/01/korreláció-tankonyvtar.hu_-300x50.jpg" alt="Fidesz féle korreláció" width="300" height="50" /></a> Kép(let): tankonyvtar.hu[/caption]
<p style="text-align: justify">Fordítsuk le ezt a jog nyelvére. Jelen esetben a „tetszőleges értékeket” az utóbbi hetekben-hónapokban meghozott jogszabályok jelentik. És bár valamennyihez a legkülönbözőbb magyarázatokat fűzik, én – afféle botcsinálta matematikusként – bebizonyítom, hogy ezek a törvények „korrelálnak”, vagyis korántsem függetlenek egymástól.</p>


[caption id="attachment_5440" align="alignleft" width="275"]<a href="https://jogasz.cafeblog.hu/files/2015/01/jogszabályok-eurospenztargep.hu_.jpg"><img class="size-full wp-image-5440" src="https://jogasz.cafeblog.hu/files/2015/01/jogszabályok-eurospenztargep.hu_.jpg" alt="Jogszabályok korrelációja" width="275" height="200" /></a> Kép: eurospenztargep.hu[/caption]
<p style="text-align: justify">Kezdjük a vasárnapi zárva tartással. Ez a remek ötlet a KDNP agyszüleménye volt, a pártocska szellemiségéhez illő ájtatos indokolással. De az biztos, hogy a Fidesz nem emiatt harapott rá az ötletre. Még rá is tettek egy lapáttal: az éjszakai nyitva tartás, meg a vasárnapi és éjszakai házhoz szállítás is tilos lesz. És mivel a webshopok „négyzetméterét” nem tudták definiálniuk, az egyszerűség kedvéért nekik is tiltják mindezt. Egy dolog biztos: ez a törvény a gyűlölt multik ellen született.</p>


[caption id="attachment_5441" align="alignright" width="300"]<a href="https://jogasz.cafeblog.hu/files/2015/01/fideszagy-vanholnap.hu_.jpg"><img class="size-medium wp-image-5441" src="https://jogasz.cafeblog.hu/files/2015/01/fideszagy-vanholnap.hu_-300x193.jpg" alt="Vasárnapi zárva tartás" width="300" height="193" /></a> Kép: vanholnap.hu[/caption]
<p style="text-align: justify">És vajon elsősorban kiket szívatnak meg azzal, hogy az élelmiszerlánc-felügyeleti díjat 0,1%-ról 6 %-ra emelik? Azokat a „napi fogyasztási cikkeket értékesítő üzleteket”, amelyeknek éves forgalma 300 milliárd forint felett van. Ez nem a reklám helye, ezért felsorolásuk helyett egységesen csak gyűlölt multiknak jelöljük meg őket.</p>
&nbsp;

[caption id="attachment_5442" align="alignleft" width="300"]<a href="https://jogasz.cafeblog.hu/files/2015/01/tesco-index.hu_.jpg"><img class="size-medium wp-image-5442" src="https://jogasz.cafeblog.hu/files/2015/01/tesco-index.hu_-300x200.jpg" alt="Tesco bezárás" width="300" height="200" /></a> Kép: index.hu[/caption]

&nbsp;
<p style="text-align: justify">Azt már kérdeznem sem érdemes, hogy kiket sújt a pláza-stop meghosszabbítása. És vajon mely cégeket céloztak meg azzal a szabállyal, hogy két veszteséges év után be kell zárniuk. Itt egy kis hiba becsúszott a számításba, mert néhány CBA-cég is belekerülhet a sodrásba. De ezt majd úgyis korrigálják.</p>


[caption id="attachment_5443" align="alignright" width="300"]<a href="https://jogasz.cafeblog.hu/files/2015/01/plázastop-www.elelmiszer.hu_.jpg"><img class="size-medium wp-image-5443" src="https://jogasz.cafeblog.hu/files/2015/01/plázastop-www.elelmiszer.hu_-300x225.jpg" alt="Pláza stopmeghosszabbítva" width="300" height="225" /></a> Kép: elelmiszer.hu[/caption]
<p style="text-align: justify">Sikerült még durvábbá tenni a köztársasági elnök által megfontolásra visszaküldött törvényt: egy évvel előbbre hozták a bevezetés eredeti, 2018-as határidejét. Nehogy már a gyűlölt multiknak legyen ég egy nyugodt évük! Amúgy a törvény indokolása büszkén ki is jelenti, hogy diszkriminatívan szabályoz: „Ahhoz, hogy hatékonyan, de az EU előírásokat tiszteletben tartva tudjunk védelmet biztosítani a hazai kis- és középvállalkozásoknak, eltérő szabályokat kell alkotnunk a különböző üzlettípusokra” Kíváncsi leszek, vajon az Európai Bizottság szerint is „tiszteletben tartják-e” az EU előírásait.</p>
&nbsp;
<p style="text-align: justify">Végül nehogy megfeledkezzünk a Fidesz legújabb és legzseniálisabb ötletéről, az autópálya díjakról. Számos magyarázat született már, hogy miért is jó ez nekünk. Bár lehetnek olyanok, akiknek így olcsóbb lesz az autózás, de – azt a többi jogszabállyal együtt értékelve - bizton megállapíthatjuk, hogy egész biztosan kiknek lesz rossz. Hiszen mely cégek települtek az aglomerációba, a budapesti és más nagyvárosok bevezető autópálya szakaszai mellé? És amelyek vásárlóinak jelentős részét a városlakók alkotják? Amelyek saját buszjárataikkal hozzák-viszik a vevőket? És amelyekhez ma már csak megyei matricával lehet kijutni? Ugye tudják a választ?</p>


[caption id="attachment_5445" align="aligncenter" width="300"]<a href="https://jogasz.cafeblog.hu/files/2015/01/Bécs-www.resourceinfo.hu_.jpg"><img class="wp-image-5445 size-medium" src="https://jogasz.cafeblog.hu/files/2015/01/Bécs-www.resourceinfo.hu_-300x199.jpg" alt="Bécsi bevásárló központ" width="300" height="199" /></a> Bocs! Ez Bécsben van!<br /> Kép: resourceinfo.hu[/caption]
<p style="text-align: justify">Eddig igaztalanul róttam fel jogalkotóinknak, hogy képtelenek összhangot teremteni a kapkodva meghozott jogszabályok között. Hogy azok nem csak egymással, de önmagukkal is ellentmondásokba keverednek. Mea culpa. Rossz cél érdekében képesek össztüzet nyitni az ellenségre: vesszenek a multik!</p>
<p style="text-align: justify">Így végre visszatérhetünk a lódenkabát, a svájci sapka, a hamis gulyás, és a Hitler szalonna, az egykori „hungarikumok” korszakába.</p>


[caption id="attachment_5446" align="alignleft" width="191"]<a href="https://jogasz.cafeblog.hu/files/2015/01/Hitlerszalonna-hu.wikipedia.org_.jpg"><img class="wp-image-5446" src="https://jogasz.cafeblog.hu/files/2015/01/Hitlerszalonna-hu.wikipedia.org_-300x199.jpg" alt="Hitlerszalonna" width="191" height="127" /></a> Hitlerszalonna<br /> Kép: hu.wikipedia.org[/caption]

&nbsp;

[caption id="attachment_5447" align="alignright" width="145"]<a href="https://jogasz.cafeblog.hu/files/2015/01/Lódenkabát-olx.hu_.jpg"><img class="wp-image-5447" src="https://jogasz.cafeblog.hu/files/2015/01/Lódenkabát-olx.hu_-224x300.jpg" alt="Lódenkabát" width="145" height="194" /></a> Lódenkabát[/caption]

[caption id="attachment_5448" align="aligncenter" width="163"]<a href="https://jogasz.cafeblog.hu/files/2015/01/svajci-sapka-retronom.hu_.jpg"><img class="wp-image-5448" src="https://jogasz.cafeblog.hu/files/2015/01/svajci-sapka-retronom.hu_-300x224.jpg" alt="A svájci sapka visszatér" width="163" height="122" /></a> Svájcisapka<br /> Kép: retronom.hu[/caption]

&nbsp;

&nbsp;

<strong>Utóirat</strong>:

A cikknek a Vasárnapi Hírekben történt megjelenése óta <strong>a TESCO 500 dolgozót bocsátott el</strong>. <strong>Hajrá Fidesz! Gratulálok</strong>.
